 -p**2 + 1. Calculate n(-1).
0
Let r(v) = 3*v**3 + v**2 - 2*v - 1. Give r(2).
23
Let o(i) = -2*i + 4. Determine o(-6).
16
Let j(c) = -4*c**3 + 2*c**2. Calculate j(-2).
40
Let b(m) = -m**2 - 17*m - 38. What is b(-7)?
32
Let u(i) = 82*i - 12. Calculate u(-2).
-176
Let z(t) = t**3 + 8*t**2 + 10*t + 16. Give z(-7).
-5
Let f(v) = -18*v - 69. Give f(-4).
3
Let o(k) = k**2 + 3*k + 5. Determine o(-5).
15
Let l(y) = y**2 + 9*y - 38. What is l(-11)?
-16
Let a(c) = -c**3 - 47*c**2 - 46*c - 2. Determine a(-46).
-2
Let r(g) = 5*g - 5. Determine r(4).
15
Let n(k) = 4*k - 87. What is n(18)?
-15
Let d(h) = -h**2 - 9*h - 4. What is d(-7)?
10
Let b(n) = 3*n**2 - 41*n - 32. Give b(14).
-18
Let z(s) = s - 8. Calculate z(4).
-4
Let s(f) = -f**3 + 19*f**2 + 47*f - 110. What is s(21)?
-5
Let j(z) = -2*z**3 - 2*z**2 - 1. Calculate j(-3).
35
Let b(o) = -o**3 - 4*o**2 + o + 3. Give b(-5).
23
Let q(z) = -z**3 - 6*z**2 + 3*z - 6. Give q(-6).
-24
Let z(b) = -b**2 + 33. Determine z(0).
33
Let u(d) = -7*d**2 - 3*d + 3. Give u(1).
-7
Let u(y) = 2*y + 8. Give u(-6).
-4
Let g(l) = -l**3 - 8*l**2 - 2*l - 14. Determine g(-8).
2
Let y(u) = u**3 - 2*u**2 - u - 12. Calculate y(0).
-12
Let k(o) = -o**3 - 12*o**2 + 19*o + 45. Give k(-13).
-33
Let g(a) = 5*a - 70. What is g(16)?
10
Let m(p) = 3*p**2 + 19*p - 38. Calculate m(-10).
72
Let w(f) = -8*f + 16. Determine w(8).
-48
Let j(k) = -17*k - 1. Give j(-1).
16
Let c(w) = -w**3 + 5*w**2 - 6*w - 2. What is c(3)?
-2
Let j(r) = r**2 + 21*r - 639. Give j(17).
7
Let w(k) = k**3 - 9*k**2 + 10*k + 11. Give w(8).
27
Let k(m) = -m**2 - 2*m + 1. Determine k(3).
-14
Let d(j) = -15*j - 227. Determine d(-15).
-2
Let i(o) = 7*o - 4. What is i(-12)?
-88
Let b(r) = -r**3 + 9*r**2 - 17*r - 13. Calculate b(6).
-7
Let o(h) = h**2 - 6*h - 21. What is o(7)?
-14
Let m(k) = -5*k - 36. Give m(14).
-106
Let u(j) = -2*j**3 - 3*j**2 - 2*j - 2. Give u(-2).
6
Let y(x) = -x**2 - 19*x + 109. What is y(6)?
-41
Let d(l) = l**3 - 3*l**2 + l - 1. What is d(3)?
2
Let d(g) = -g**3 + 8*g**2 + 12*g - 95. What is d(8)?
1
Let r(p) = p**2 - 17*p + 25. Calculate r(12).
-35
Let t(y) = -y**3 + 15*y**2 + 26*y + 15. Give t(16).
175
Let s(p) = 10*p**3 + 3*p**2 - 2. Determine s(1).
11
Let n(c) = c**3 + 2*c + 3. What is n(-3)?
-30
Let b(p) = 18*p - 239. Calculate b(13).
-5
Let t(q) = -q**2 + 11*q - 22. What is t(4)?
6
Let f(r) = -2*r**2 - 12*r - 3. What is f(-6)?
-3
Let t(o) = o**2 + 11*o - 9. What is t(-12)?
3
Let y(a) = 12*a - 19. What is y(3)?
17
Let x(p) = p**3 + 17*p**2 + 15*p - 11. Give x(-16).
5
Let n(j) = 5*j**2 + j. Give n(2).
22
Let k(w) = w + 43. Determine k(0).
43
Let m(a) = -a**3 - 7*a**2 - 10*a - 12. Determine m(-6).
12
Let k(m) = -3*m - 70. Determine k(-19).
-13
Let m(r) = 18*r**2 - 1. Give m(-1).
17
Let o(f) = -f**2 + 7*f + 16. Give o(5).
26
Let i(d) = d**2 - 11*d - 1. Calculate i(0).
-1
Let v(y) = -y + 1. Calculate v(1).
0
Let i(f) = -f**2 - 8*f - 7. Determine i(-2).
5
Let x(s) = -s**2 - 8*s + 10. Calculate x(-10).
-10
Let n(c) = 6*c + 15. What is n(-3)?
-3
Let i(m) = m**2 + 19*m + 12. Calculate i(-18).
-6
Let t(o) = -3*o**2 + 71*o + 24. Give t(24).
0
Let m(f) = -3*f - 2. Calculate m(1).
-5
Let m(z) = -6*z**3 - z**2 + 5*z - 1. Calculate m(-3).
137
Let i(b) = -b**3 - 9*b**2 + 8*b - 11. Calculate i(-10).
9
Let d(p) = p**3 + 8*p**2 - 4*p - 3. Give d(-8).
29
Let n(i) = 2*i + 5. What is n(-4)?
-3
Let h(z) = 2*z - 7. Determine h(5).
3
Let w(r) = -r**3 - 22*r**2 - 20*r - 24. Calculate w(-21).
-45
Let c(g) = -2*g**2 - 2*g - 12. Give c(-5).
-52
Let w(z) = -z**3 - 13*z**2 + 5*z + 1. Calculate w(-13).
-64
Let x(q) = q**2 + 5*q - 10. Calculate x(-7).
4
Let l(f) = 6*f - 6. Determine l(2).
6
Let d(w) = -w**3 + 8*w**2 + 2*w. Calculate d(8).
16
Let b(u) = u**3 - 12*u**2 + 2*u - 14. Determine b(12).
10
Let w(q) = q**3 + 7*q**2 + 3*q + 10. What is w(-7)?
-11
Let q(h) = -h**2 - 8*h + 10. Calculate q(-9).
1
Let n(h) = -h**2 + 13*h - 52. Determine n(9).
-16
Let d(u) = u**2 + 14*u + 45. What is d(-7)?
-4
Let s(g) = g**2 - 16*g + 1. Calculate s(11).
-54
Let x(t) = -t**3 - 4*t**2 + 5*t. Determine x(2).
-14
Let a(x) = -x**3 - 8*x**2 - 8*x - 11. Give a(-7).
-4
Let p(s) = -2*s**3 - 27*s**2 + 15*s + 16. What is p(-14)?
2
Let b(x) = 3*x - 20. What is b(5)?
-5
Let t(l) = -5*l**2 - 2*l + 4. Determine t(1).
-3
Let x(m) = -m**3 + 4*m**2 - 2*m + 4. Determine x(3).
7
Let k(g) = -22*g - 93. What is k(-4)?
-5
Let l(m) = m**2 - 11. What is l(-5)?
14
Let l(u) = -u**3 - u**2 + 2. Calculate l(2).
-10
Let z(b) = -8*b**2 - 78*b + 12. Give z(-10).
-8
Let v(y) = 43*y + 131. Give v(-3).
2
Let y(u) = u**3 - 30*u**2 + 27*u + 58. Calculate y(29).
0
Let t(w) = w + 12. Give t(-16).
-4
Let v(q) = q**2 - 10*q - 299. Calculate v(-13).
0
Let v(h) = h**2 - 28*h + 182. Calculate v(11).
-5
Let s(d) = 21*d + 50. Calculate s(-3).
-13
Let n(u) = -u**2 - 20*u + 1346. Calculate n(-48).
2
Let f(l) = 7*l**2 - 3*l - 1. What is f(2)?
21
Let b(y) = -4*y - 135. What is b(-31)?
-11
Let z(i) = 3*i - 9. Determine z(-8).
-33
Let f(i) = i - 4. What is f(-7)?
-11
Let r(d) = 16*d + 1. Determine r(2).
33
Let o(z) = z**3 - 6*z**2 - 9*z + 4. Give o(7).
-10
Let h(t) = 3*t + 15. Calculate h(10).
45
Let m(w) = w**3 + 22*w**2 - 48*w - 2. Determine m(-24).
-2
Let q(w) = -4*w + 55. Determine q(-5).
75
Let o(d) = 2*d**2 - 20*d - 15. Determine o(11).
7
Let j(y) = -2*y - 13. Determine j(-4).
-5
Let l(h) = -h**2 + 13*h + 5. What is l(13)?
5
Let u(d) = 2*d**3 + 11*d**2 + 11. Give u(-6).
-25
Let c(u) = 5*u - 26. Give c(3).
-11
Let u(n) = n**2 + 10*n - 1. Calculate u(-11).
10
Let y(d) = 2*d**2 + 8*d + 7. Determine y(-4).
7
Let n(r) = -11*r + 87. What is n(7)?
10
Let v(l) = -l + 9. Give v(-3).
12
Let r(x) = -2*x**2 - 2*x + 1. Give r(0).
1
Let f(k) = k**2 + 2. Give f(5).
27
Let c(f) = f + 6. Give c(-32).
-26
Let d(f) = -5*f**2 - 32*f - 14. What is d(-6)?
-2
Let u(z) = -z**2 + 3*z + 24. Calculate u(7).
-4
Let c(q) = -q - 2. Calculate c(9).
-11
Let z(u) = -15*u. What is z(4)?
-60
Let g(l) = l**2 - 14*l + 13. What is g(11)?
-20
Let r(o) = -o**3 - o**2 - 3*o - 2. Determine r(-4).
58
Let u(i) = i**2 - 6*i - 89. What is u(13)?
2
Let x(g) = -g**2 - 11*g - 30. Calculate x(-6).
0
Let n(q) = q**3 - 13*q**2 - 15*q + 17. Determine n(14).
3
Let a(k) = -k**3 + 2*k**2 - 5*k + 5. Calculate a(3).
-19
Let z(f) = f**3 + 6*f**2 + f + 6. Calculate z(-6).
0
Let f(m) = -m**3 - 18*m**2 - m - 20. Give f(-18).
-2
Let j(r) = -3*r + 29. What is j(9)?
2
Let v(b) = -3*b - 86. What is v(-30)?
4
Let o(k) = -12*k + 8. Determine o(2).
-16
Let g(o) = 43*o**3 + 3*o**2 - 2. Determine g(1).
44
Let b(r) = r**3 + 13*r**2 + 15*r + 29. Calculate b(-12).
-7
Let f(k) = -9*k - 3. Calculate f(-3).
24
Let v(t) = -53*t**2 + 3*t - 1. What is v(1)?
-51
Let k(y) = 2*y - 12. Give k(11).
10
Let t(s) = -31*s + 627. What is t(20)?
7
Let d(n) = n**3 - 9*n**2 - 5*n + 9. What is d(9)?
-36
Let r(s) = -s**2 - 8*s + 311. Give r(-22).
3
Let p(t) = 3*t**2 + t - 31. Calculate p(4).
21
Let b(o) = 74*o - 1. What is b(-1)?
-75
Let x(r) = -r**3 + 27*r**2 + 28*r - 10. Give x(28).
-10
Let i(c) = -c**2 - 15*c - 39. Determine i(-12).
-3
Let d(c) = 19*c - 108. What is d(6)?
6
Let k(n) = -11*n + 99. What is k(9)?
0
Let n(q) = -q**3 + 14*q**2 - 12*q + 34. Determine n(13).
47
Let k(n) = n**2 - 11*n - 34. Give k(14).
8
Let b(g) = -4*g**2 - 1. Calculate b(4).
-65
Let t(z) = z - 12. Give t(7).
-5
Let d(l) = -3*l**3 + 8*l**2 - 2*l - 3. Calculate d(2).
1
Let g(c) = c**2 + 10*c - 1. Give g(-10).
-1
Let s(n) = n**2 + 12*n + 9. Calculate s(-9).
-18
Let z(k) = -k**3 - 5*k**2 + 3*k - 2. Give z(-6).
16
Let o(h) = -h**3 + 11*h**2 + 11*h - 11. Calculate o(12).
-23
Let v(m) = m + 7. Determine v(-7).
0
Let d(w) = 14*w + 14. Calculate d(1).
28
Let w(d) = -6*d - 17. Give w(-5).
13
Let x(k) = 11*k**2 + 54*k - 17. What is x(-5)?
-12
Let l(b) = -10*b + 5. Determine l(3).
-25
Let z(i) = 2*i + 3. Determine z(3).
9
Let j(g) = 46*g**2. What is j(1)?
46
Let a(k) = -14*k**2 - 6*k + 4. Calculate a(2).
-64
Let u(z) = 3*z**2 - 6. What is u(3)?
21
Let d(a) = 26*a - 2. Calculate d(1).
24
Let z(l) = -3*l**2 + 99*l - 4. What is z(33)?
-4
Let y(b) = -b**2 + 47*b - 131. What is y(44)?
1
Let p(z) = z**2 + 8*z - 59. Give p(-14).
25
Let d(x) = -x - 1. Give d(7).
-8
Let v(r) = 4*r**2 - 5*r + 1. What is v(4)?
45
Let v(n) = -n - 19. Give v(15).
-34
Let b(g) = -7*g**2 - 